e n(o).
-5
Let v(h) = -7*h + 7. Let t(q) = -7*q + 6. Let i(b) = -5*t(b) + 4*v(b). Determine i(2).
12
Let h(o) = -3*o + 9. Let y be h(6). Let r be (-2 - y)*(1 + -2). Let n = r + 11. Let b(i) = i**3 - 5*i**2 + i + 5. Calculate b(n).
-7
Let t(n) be the third derivative of -n**6/120 - n**5/12 + n**4/24 + 5*n**3/6 - 34*n**2. Determine t(-5).
0
Let m(p) = -p**2 - p + 1. Let v(w) = -6*w + 5. Let x(l) = -4*m(l) + v(l). Give x(1).
3
Let r(k) = k**3 - 4*k**2 + k. Let d = 32 - 16. Suppose -3*z + d = z. Calculate r(z).
4
Let m(s) = s**2 - 5*s + 1. Let d(j) = -j**2 + 7*j - 2. Suppose 17 = 4*g + 57. Let i = g - -16. Let u be d(i). Determine m(u).
-3
Let w(k) = -k**2 - 4*k - 2. Let s be (8/6)/((-8)/(-12)). Suppose 0*n + 10 = -s*n. Give w(n).
-7
Let v(w) = -3*w**3 + w. Let c = 29 + -6. Suppose -4*t = -2*m + 18, 2*m + c = -m - 4*t. Let f be (3/(-3))/(m - 0). Give v(f).
-2
Let p(y) = -y**2 - y**2 - 2*y**3 - 7*y + y**3 - 5*y**2. Let x be p(-6). Let u(l) = l**3 - 5*l**2 - 5*l - 4. What is u(x)?
2
Let u(l) be the first derivative of l**3/3 + 2*l**2 - 2*l + 1. Let q be 2/4*(-4 - -10). Suppose -2*a + 3*x + 20 = -q*a, a - 5 = 2*x. Give u(a).
3
Let p = 8 - 3. Let i(x) = -2 - x + p*x - x. Let r(a) = a**3 + 4*a**2 + 4*a + 3. Let t be r(-2). Determine i(t).
7
Let v = 6 + -4. Let n(i) = -i**2 + 3*i**v - 3*i**2 - i**3. Let p(a) = -4*a**3 - 8*a**2 - 2*a. Let j(c) = 5*n(c) - p(c). Determine j(4).
-8
Let b(f) = f**3 + 3*f**2. Let h(a) = -a**2 + 5*a + 3. Let z be h(5). Let s be 1*(-1 - -2) - z. Determine b(s).
4
Let a(c) = c. Let j = 106 + -98. Calculate a(j).
8
Let a(m) = -2*m + 1. Let x(b) = -b + 4. Let f be x(12). Let v = 4 - f. Suppose k - v = -3*k. What is a(k)?
-5
Suppose y = 3*q - 20, 2*q + q + 3*y = 0. Let p(l) = 3*l + 5. Calculate p(q).
20
Let l(b) = b**2 + 5*b - 6. Suppose -5*s + 5*g - 63 = -8, 0 = s + g + 1. Determine l(s).
0
Let q = -3 - -6. Let y(b) = 3*b**2 + 1 - 6*b**2 - b**q + 1. What is y(-2)?
-2
Let g(m) be the third derivative of 1/8*m**4 + 3*m**2 - 1/360*m**6 + 0 + 0*m + 0*m**3 + 1/30*m**5. Let b(n) be the second derivative of g(n). Determine b(-3).
10
Let k(d) = -d**2 + 3*d - 4. Let g be k(3). Let m(l) = l. Determine m(g).
-4
Let h = 0 - 6. Let o(b) = -2*b + 15. Let d(k) = k - 7. Let z(y) = -13*d(y) - 6*o(y). Give z(h).
7
Let w(g) = 5*g**2 + g**3 - 1 - 7*g + 4 - 4. Let z be ((-8)/(-10))/(2/(-15)). Let p be w(z). Let k(s) = -s + 6. What is k(p)?
1
Let o(p) = -p**3 + 6*p**2 + 7*p - 2. Let c be o(7). Let i(k) = k**2 - 51*k - 9 + 50*k + 7. What is i(c)?
4
Let i(g) = g**2 - 6*g - 1. Let o be i(7). Let v = 0 + o. Let f(z) = z - 3. What is f(v)?
3
Let u(c) = c**3 + 15*c**2 + 13*c - 15. Let l be u(-14). Let y(z) = -10*z**2 + 1. Calculate y(l).
-9
Let d(y) = -2*y + 0 - y + 1. Let f be d(1). Let a(t) = 15*t + 4. Let s(c) = -8*c - 2. Let b(r) = 4*a(r) + 7*s(r). What is b(f)?
-6
Let t(m) = -m**2 - 5*m - 6. Let n be 6/(-14) + (-135)/(-21). Suppose -2*d = n, 0 = 3*g - 4*d - 1 + 4. Determine t(g).
-6
Let z(m) = -m**2 + 6*m - 1. Let r be z(4). Let l(o) = -o**3 + 8*o**2 - 6*o - 7. What is l(r)?
0
Let b(p) be the second derivative of p**4/12 + 2*p**3/3 - 7*p**2/2 + 11*p. What is b(-5)?
-2
Let p(j) = -j**3 - j - 5. Suppose b = -0*b. Let g be p(b). Let m(z) = -5*z + 4*z + 2*z. Determine m(g).
-5
Let j(b) = 13*b - 5*b - 6*b - 2. Determine j(6).
10
Suppose 4 = h + 3*h. Let k(d) = -2 - 12*d - d**2 + 1 + 11*d. Let g(z) = z**2 + 4*z + 5. Let x(y) = -g(y) - 4*k(y). Calculate x(h).
2
Let l be -4 - (-1 - -3 - -1). Let p(u) = -8*u**2 - 3*u - 6. Let i(w) = -9*w**2 - 3*w - 7. Let s(a) = l*p(a) + 6*i(a). Give s(-2).
2
Suppose t - 2 - 1 = 0. Let w(q) = -4*q - q + t*q - q + 1. Give w(2).
-5
Let y(k) = -k**2 - 9*k + 2. Let z(c) = c**2 + 7*c - 1. Let x(i) = -3*y(i) - 4*z(i). Let f(g) = -2*g**2 - g. Let a be f(1). Calculate x(a).
-8
Let v(l) = -l**3 + 4*l**2 + 2*l - 3. Let u = 16 + -6. Let w = u - 7. Suppose w*m - 14 = 4*z + 2, 0 = -4*m + 5*z + 21. What is v(m)?
5
Let w(r) = 3 - r**2 + 6 + r - 3. Suppose -6 + 6 = 8*i. Determine w(i).
6
Let t(f) = 7 - 3*f**2 + f**3 + 0*f**2 + f**2 - 5*f + 7*f**2. Give t(-6).
1
Let w(t) = 5*t**2 + 3*t - 6. Let b(k) = 14*k**2 + 8*k - 17. Let f(r) = -4*b(r) + 11*w(r). What is f(2)?
0
Let z(g) = 4*g**2 + 9*g + 2. Let a(p) = -5*p**2 - 9*p - 2. Suppose 6*v - 24 = -0. Let t(u) = v*z(u) + 3*a(u). Give t(-6).
-16
Let t(u) be the first derivative of -u**3/3 + 2*u - 1. Suppose y + 13 = -0*y + 4*s, -5*s = -20. Suppose 0*k + 4*k + 3 = -g, -y = g - 4*k. Calculate t(g).
-7
Let r(y) = 3*y - 2 + 48*y**2 - 3*y - 49*y**2. Let n be r(2). Let c(o) be the second derivative of -o**4/12 - 5*o**3/6 + 7*o**2/2 + 2*o. What is c(n)?
1
Let h(s) be the second derivative of 3*s + 0 + 1/2*s**2 - 1/3*s**3. Let g be h(-2). Let v(y) = 2*y - 7. Calculate v(g).
3
Let k(p) be the third derivative of -p**4/24 - 5*p**3/3 - 7*p**2. Let m = -9 - -4. Determine k(m).
-5
Let h(n) = 2*n. Let x be h(-1). Let v(i) = -4*i + 1. What is v(x)?
9
Let i(l) = -2*l + 4. Let a(w) = 1. Let f(y) = -4*a(y) + i(y). Determine f(5).
-10
Let l(t) = -t - 2. Let a = -8 - -3. What is l(a)?
3
Let c(g) = g**3 + 5*g**2 - 5*g + 8. Let n be c(-6). Let q(j) be the second derivative of n*j**2 - j + 0 + 5/6*j**3. Determine q(-3).
-11
Let b(o) = -2*o**2 - o. Let g(h) = h**3 + 8*h**2 + 7*h + 1. Let n be g(-7). Suppose n = l - 0. Give b(l).
-3
Let o(h) = h + 5. Suppose 0*k = 2*k - 10. Give o(k).
10
Suppose -3*g - 3 = -18. Let y(c) = -2*c. Let o(f) = 6*f. Let u(v) = g*o(v) + 16*y(v). Determine u(2).
-4
Let k = -3 + 9. Let r be ((-2)/k)/((-4)/24). Let o(j) = -4 - 2*j**3 + j**3 - 4*j - 4*j**2 + r*j**3. Give o(5).
1
Let o(f) = 0 + f**3 - 3*f**2 + f + 0. Suppose 2*m - 3*m + 2 = 0. Determine o(m).
-2
Let d(l) be the first derivative of 3*l**2/2 + 4*l + 5. Let i = 3 + -3. Suppose i*g = g + 3. Give d(g).
-5
Let b = 114 - 105. Let p(v) = v**3 - 10*v**2 + 5*v + 8. What is p(b)?
-28
Let a(r) = -2*r - 1. Let i be 4/10 - 1479/(-15). Let y be (-2)/11 + 117/i. Determine a(y).
-3
Let w(b) be the third derivative of b**4/12 + b**3/6 - b**2. Let r(t) = -t + 3. Let g be r(4). Let n be (g + 2)*12/(-4). Give w(n).
-5
Let v(w) be the first derivative of -2*w**3 + 1/4*w**4 - 6*w + 5/2*w**2 + 4. Suppose 3*f + 2*f = 25. Calculate v(f).
-6
Let d be ((-40)/(-15))/((-8)/12). Let h(w) = w**3 + 3*w**2 - 5*w. Give h(d).
4
Suppose 15 + 41 = 14*g. Let u(l) = l**2 - 3*l + 2. Determine u(g).
6
Suppose 2*m + 5*w + 9 = 0, -19 - 2 = -2*m + 5*w. Suppose -3*a + 21 = 4*v, 2*v = a - m*a + 10. Let b(q) = -q**2 + 5*q + 3. Calculate b(v).
-3
Let u(i) = i**2 - i + 1. Let m be u(1). Suppose p + m = 3. Let k(a) = p*a**2 + 3 - 3*a**2 - 2*a - a. Give k(-4).
-1
Let z(h) be the third derivative of -7*h**4/24 - h**3/3 - 4*h**2. Determine z(-2).
12
Let l(n) = 13*n**2 - 18*n + 21. Let v(u) = 7*u**2 - 9*u + 11. Let f(d) = 6*l(d) - 11*v(d). Determine f(7).
-9
Suppose -12 = 2*t + t. Let q(r) = -4*r + 10. Let x(w) = w - 3. Let p(s) = -2*q(s) - 7*x(s). Determine p(t).
-3
Let p(n) be the third derivative of 0*n - 1/12*n**4 - n**2 + 0 + 0*n**3. Calculate p(2).
-4
Let p(r) be the third derivative of r**6/360 + r**5/20 + r**4/6 - 3*r**2. Let o(m) be the second derivative of p(m). What is o(-5)?
-4
Let u(d) = -d**3 + 4*d**2 + d + 10. Let l be u(5). Let c(q) = -2*q - 14. Let t be c(l). Let i(o) = -o + 7. What is i(t)?
1
Let v(h) = 2*h**2 - h. Suppose -p + 64 = 3*p. Suppose -5*y + y = -p. Suppose 0 = y*f - 3*f - 3*s - 2, 6 = 3*f + s. What is v(f)?
6
Suppose 12*y - 8*y = -92. Let p = 24 + y. Let f(b) = -1 - b + 2*b + 2*b**2 - 5*b**2. Calculate f(p).
-3
Let o(q) = -q**2 + 1. Let c(i) = 4*i**2 + 6*i - 9. Let w(l) = c(l) + 5*o(l). Let y = -5 + 9. Give w(y).
4
Let d(q) = q + 3. Let n(c) = c. Let o(j) = -d(j) - 3*n(j). Calculate o(-3).
9
Let w = -11 + 20. Let l be 3*21/w - 1. Let s(g) = -g**2 + 10*g - 9. Determine s(l).
15
Let a(x) be the first derivative of x**3/3 + x**2/2 + 9. Suppose -1 = m, -5*m = 2*u - 2 + 3. Let b = 4 - u. What is a(b)?
6
Let f(t) be the first derivative of t**2/2 - t - 4. What is f(-5)?
-6
Let y(r) be the third derivative of r**4/3 + r**3/6 - 13*r**2. Give y(-1).
-7
Let j(l) = l**3 - 8*l**2 - 9*l - 8. Suppose 3*m + 2*v - 19 = 0, 3*m + 0*v - 5*v = 47. Calculate j(m).
-8
Let c(k) = -k + 14 + 3*k + 7 - 18. Give c(-3).
-3
Let k(q) = -q - 3. Suppose -4*l = c + 4*c - 4, -2*l = -4*c - 2